ose -5*f - 259 = -49. Let p = -34 - f. Is u(p) a composite number?
True
Let l(a) = -7 - 4 - 7*a - 6*a**2 + 2 - 3*a**3. Let y = 113 - 118. Is l(y) prime?
True
Let l(h) = 5295*h**2 - 16*h + 47. Is l(-6) composite?
False
Let u = 41 + -34. Suppose -h + u*h = 60. Is h/55*1 - (-7401)/11 prime?
True
Let b = -49 + -183. Let f = b + 2639. Let k = -354 + f. Is k prime?
True
Suppose 4*h = -45 + 53. Suppose -2*z - 26407 = -3*t, 2*t + 0*z - 17608 = -h*z. Is t prime?
True
Let z(h) be the second derivative of 113*h**3/6 - 67*h**2 - 23*h - 3. Is z(15) prime?
False
Let a(h) = 1107*h**3 + h**2 - 2*h + 1. Let l be a(1). Let v be (-9)/(171/95)*(0 + 1)/(-1). Suppose g - l = -v*d, g - 525 = -4*d + 578. Is g a composite number?
False
Suppose 3*j - 6*x + 5*x + 2116 = 0, 0 = -j - x - 708. Is (9/(27/j))/((-4)/6) a composite number?
False
Is -12*((-202228)/(-16))/(-13) prime?
False
Suppose 7*g + 6 - 370 = 0. Let a = g + -55. Is (-4)/12*a*1193 composite?
False
Suppose 0 = -5*t + 1631*s - 1635*s + 166455, 4*s - 99881 = -3*t. Is t a composite number?
False
Let f be 32 + (0 - 1)*(-6)/(-6). Suppose 4*i = -3*d + 10615, -2*i + 5309 = 34*d - f*d. Is i a composite number?
True
Let h(k) = 2*k**3 - 6*k**2 - 6*k - 3. Let y be h(5). Suppose -13 = -2*x - 5*o + 8, -5*x + 5*o = 0. Suppose -x*i - y = -4*i. Is i a prime number?
True
Suppose -314*s - 140 = -307*s. Is -32894*(-2)/s*-5 prime?
True
Let r be (11 - -19) + 0 + -2 + 4. Suppose r*d - 28*d - 6496 = 0. Suppose 0 = -3*i + w + w + 4911, -i = -5*w - d. Is i a prime number?
False
Let f(m) = 452979*m**2 + 4. Is f(-1) a composite number?
False
Suppose 5*q + 15 = 6*q. Let g be ((-39546)/(-5))/2 + 6/q. Let c = -2574 + g. Is c a prime number?
True
Suppose 3*f - 8 = -2*p + 15, 4*p + 5*f - 43 = 0. Suppose p*a - 20 = 12*a. Is (a - 22/3)/(2/(-51)) a prime number?
False
Let u = 177487 + 3552. Is u prime?
True
Let o = 25 - 24. Let h(g) = -2*g + 5. Let d be h(o). Suppose -d*b - 2157 = -3*p, 3*p + b - 1542 = 615. Is p a prime number?
True
Let w(x) = 18*x - 15. Let j be w(14). Let a(g) = -2*g + 10. Let z be a(-5). Let b = j + z. Is b a composite number?
False
Let v be 6/(-9)*-9 - 1. Suppose -1096 = l - v*l. Is 2 + (-3)/(-6)*l composite?
False
Suppose -m = -2*m + 3. Suppose 0*o - 4*o + 4 = -3*h, m*o + 4*h = 28. Suppose -o*c - 2285 = -9*c. Is c a composite number?
False
Let k(v) = 2*v - 25 + 19 + 3*v**2 - 2*v**2 + 5*v**3. Let m(h) = -1. Let j(w) = k(w) - 4*m(w). Is j(1) prime?
False
Let q = 69 + -69. Suppose 12*h + q*h = 38676. Is h composite?
True
Let n = -515785 - -780108. Is n a composite number?
False
Let i(x) be the second derivative of -235*x**3/6 + 6*x**2 - 14*x. Let n = 17 - 24. Is i(n) prime?
True
Suppose 0 = -2*i + 284 + 132. Suppose 0*z = -4*z - i. Is 489/(3/z*-4) prime?
False
Let k = 29 + -27. Let p(c) = -18 + 2 + 8*c + c + 16*c**k - 4*c. Is p(-7) a prime number?
True
Let g(u) = u + 1. Let a(s) = -5 + 9 - 5*s - 28. Let w(c) = a(c) - 4*g(c). Is w(-11) a prime number?
True
Let t(h) = 37424*h + 4779. Is t(6) a composite number?
True
Let z(g) = 292*g**3 + 42*g**2 - 20*g + 173. Is z(10) prime?
False
Let g(m) = -6*m**3 + 28*m**2 + 4*m - 13. Is g(-7) a prime number?
True
Suppose -5*s = -6 - 14. Suppose 8*y - 6779 = 7*y - 2*v, -20337 = -3*y - s*v. Is y a composite number?
False
Suppose c + 3321 - 756 = -i, -c = -4*i + 2555. Let u = c - -1609. Let a = -505 - u. Is a composite?
False
Suppose 6*x = 10*x - 5*h - 1475544, 0 = -2*h + 8. Is x a prime number?
False
Let a(h) = 1028*h - 1. Let w be a(4). Suppose 0 = r - 2*f - w, 5*f = 4*r + r - 20565. Is r a prime number?
False
Let u(z) = -11*z**3 - z**2 + 5*z - 834. Let f(n) = -2*n**3 + n + 1. Let v(l) = 5*f(l) - u(l). Let q = 1 + -1. Is v(q) composite?
False
Is ((-206657)/77)/(10/(-70)) composite?
False
Suppose -9*j + 147226 = -27941. Is j a prime number?
True
Let w(u) = -1470*u**3 + 15*u**2 + 41*u - 57. Is w(-5) a composite number?
True
Let x(h) = 102*h - 13. Let d = -22 + 32. Suppose -d*z = -3*z - 21. Is x(z) prime?
True
Let y(k) = 50*k + 37. Let t be y(-6). Let n = 1242 + t. Is n a composite number?
True
Suppose 370*g + 35582 = 3*c + 371*g, -c + 3*g + 11884 = 0. Is c prime?
True
Let l(o) = -41*o**2 + 4*o + 16. Let j(z) = -8*z**2 + z + 3. Let t(v) = -11*j(v) + 2*l(v). Let m be t(-2). Suppose -m*r + 37*r - 13672 = 0. Is r a prime number?
True
Let m = 137 - 137. Suppose -4*f + 2*k + 8 = -2*k, m = -2*f - 4*k + 10. Suppose -3*y = -f*q - 528, 3*y + 2*q - 744 + 201 = 0. Is y composite?
False
Let m be 12/(-102) + 8/340*5. Suppose -20*z + 2*f - 31928 = -22*z, m = -3*z + f + 47872. Is z a composite number?
False
Suppose 197 = t + 2*t - 5*h, -5*t = -4*h - 324. Let a = t + 1295. Let b = -772 + a. Is b prime?
True
Suppose 0 = 2*a - 5*x + 57, -91 = 3*a - 3*x - 10. Let k = a - -40. Suppose 17*y = k*y + 5403. Is y a composite number?
False
Suppose -4*x - 10*g + 3827524 = -5*g, 2*x - 3*g - 1913762 = 0. Is x a prime number?
True
Let d = -90 - -346. Let o be d/26 + 6/39. Is ((-35274)/(-15))/(4/o) a composite number?
False
Let i = 234531 + 288886. Is i composite?
False
Suppose 28*t = -104*t + 1710489 + 993267. Is t a prime number?
True
Is (12 + (39561057/36)/(-17))*-4 a prime number?
True
Let z(o) = -2*o**2 - 2*o**2 + 2*o + 6 - 14*o + 2*o + o**3. Let a be z(6). Is (-5956)/(-9) + 4/a composite?
True
Let q = 617 - 43. Suppose 0 = 6*j - q - 332. Let u = -94 + j. Is u a composite number?
True
Suppose 10*c + 33140 + 27446 = 430236. Is c a composite number?
True
Let h be ((-22 - 8)/(-5))/(3/2). Suppose h*k + 18566 = 2*o, 6*o - 37182 = 2*o - 2*k. Is o a composite number?
False
Let k = -39788 - -72669. Is k a prime number?
False
Let d(p) = -3*p**2 - 11*p - 10. Let o be d(-4). Is 2270*o/(-6) - 6/(-18) composite?
False
Let r(h) = -38*h**2 - 4*h - 12. Let a be r(-4). Let p = a - -1428. Suppose -o - 2*q + 194 = 0, -7*q = -4*o - 3*q + p. Is o prime?
False
Let f(j) = 965*j**2 + 252*j + 734. Is f(-3) composite?
False
Let u = 828 - 524. Suppose 2*r = u + 542. Suppose -2*c + j + r + 123 = 0, 10 = 5*j. Is c a prime number?
False
Let m(g) = -26*g - 27. Suppose 0 = -x + 4*x - 141. Let d = x + -66. Is m(d) a prime number?
True
Suppose 0*b - 3*b = -69555. Suppose b = 2*i - 30309. Is i composite?
True
Suppose -148 = k - 5*u - 39397, 3*u = 12. Is k a prime number?
False
Suppose 0 = 5*t, 0*x - 4*t = 5*x + 10. Is (6195/10)/(-7)*x a composite number?
True
Let m be -1 + (-27)/(-3) + -1. Let i(y) = m - 34*y + 4 - 30*y. Is i(-9) a prime number?
True
Let q = 143240 - -47849. Is q prime?
True
Let c(r) = -143*r**2 - 8*r + 46. Let v be c(8). Let b = 17671 + v. Is b composite?
False
Let a = -156314 + 402012. Is a a composite number?
True
Suppose -9 = -y - y + t, -5*t - 6 = 3*y. Suppose 4*j - 1528 = -0*j - 4*h, -j + 388 = y*h. Is j composite?
False
Is 1308488/(-10)*(-17)/(-204)*-30 prime?
False
Is 15/(-10)*(-16)/(-42) + (-4918255)/(-35) a prime number?
True
Let m = -328 + 337. Is 925 + (-6 - (m + -19)) a composite number?
False
Let k = -591 + 2763. Let s(j) = j**3 - 3*j**2 - 12*j - 15. Let a be s(6). Suppose -k = 17*r - a*r. Is r composite?
True
Let k(v) = -1966*v - 169. Is k(-14) a prime number?
False
Let d = -72 + 82. Suppose -12*x = -d*x - 10. Suppose 3*u = -r + 2104, 499 = u + x*r - 179. Is u prime?
False
Let o(z) = 4*z**2 - 5*z - 5. Let j be o(-1). Suppose j*r - 290 = -794. Let y = r + 205. Is y a prime number?
True
Suppose 34*n = 19*n. Suppose n = p + 4*c - 13165, 11*p - 39475 = 8*p - 2*c. Is p prime?
False
Let y(w) be the second derivative of 3*w**5/20 - 17*w**4/12 - 7*w**3/3 - w**2/2 + 24*w + 2. Is y(19) a composite number?
False
Let o(d) = d**2 - 5*d + 5. Let j be o(4). Let v be j/2*(-8 - -4) - -18. Suppose v = 4*w, 5*g - 2*w - 245 = 12. Is g composite?
False
Let w(x) = 8406*x**2 - 28*x - 9. Is w(-2) composite?
True
Suppose 0 = -4*g - 4*q + 716308, 144*g = 148*g - 3*q - 716322. Is g composite?
True
Suppose 2*j = -4*a + 261476, -149 = 4*a - 141. Is j a prime number?
False
Suppose 3*w - 4 = -m + 3, -2*m - w = -9. Suppose 3*h + 4*v = -1326, v = m*h + 199 + 1550. Let j = h - -647. Is j a composite number?
True
Suppose -4*j = -3*u + 2*u + 817, -4 = 4*j. Let c be 1 + 24821 + 0/(-2). Suppose c = 15*l - u. Is l prime?
True
Suppose -5290515 = -282*h + 2079555. Is h a composite number?
True
Let n = 35688 - 15365. Is n a prime number?
True
Suppose 3*r + 